

{"id":787,"date":"2011-09-21T14:09:00","date_gmt":"2011-09-21T14:09:00","guid":{"rendered":"http:\/\/www.rand-oz.fr\/?page_id=787"},"modified":"2025-08-19T11:29:35","modified_gmt":"2025-08-19T09:29:35","slug":"certificat-medical","status":"publish","type":"page","link":"https:\/\/www.rand-oz.fr\/?page_id=787","title":{"rendered":"Certificat m\u00e9dical"},"content":{"rendered":"\t\t<div data-elementor-type=\"wp-page\" data-elementor-id=\"787\" class=\"elementor elementor-787\">\n\t\t\t\t\t\t<section class=\"elementor-section elementor-top-section elementor-element elementor-element-7c0e27cd elementor-section-boxed elementor-section-height-default elementor-section-height-default\" data-id=\"7c0e27cd\" data-element_type=\"section\" data-e-type=\"section\">\n\t\t\t\t\t\t<div class=\"elementor-container elementor-column-gap-default\">\n\t\t\t\t\t<div class=\"elementor-column elementor-col-100 elementor-top-column elementor-element elementor-element-5736693f\" data-id=\"5736693f\" data-element_type=\"column\" data-e-type=\"column\">\n\t\t\t<div class=\"elementor-widget-wrap elementor-element-populated\">\n\t\t\t\t\t\t<div class=\"elementor-element elementor-element-2c9aeb73 elementor-widget elementor-widget-text-editor\" data-id=\"2c9aeb73\" data-element_type=\"widget\" data-e-type=\"widget\" data-widget_type=\"text-editor.default\">\n\t\t\t\t<div class=\"elementor-widget-container\">\n\t\t\t\t\t\t\t\t\t<p><strong><span style=\"color: #000000;\">Le certificat m\u00e9dical pour la pratique de la randonn\u00e9e p\u00e9destre<\/span><\/strong><\/p><p><span style=\"color: #000000;\">Voici les r\u00e8gles applicables pour toute pratique en club ou individuelle dans le cadre de la FFRandonn\u00e9e <\/span>depuis la saison 2023\/2024 <span style=\"color: #000000;\"><strong>quels que soient votre \u00e2ge et la ou les disciplines pratiqu\u00e9es <\/strong>: <\/span><\/p><ul><li><span style=\"color: #000000;\"><span style=\"color: #000000;\"><span style=\"color: #000000;\"><span style=\"color: #000000;\"><span style=\"color: #000000;\"><span style=\"color: #000000;\"><span style=\"color: #000000;\"><strong>Premi\u00e8re prise de licence chez Rand&#8217;oz<\/strong> : <br \/>Fourniture d&#8217;un certificat m\u00e9dical d\u2019absence de contre-indication \u00e0 l\u2019activit\u00e9 sportive pratiqu\u00e9e, dat\u00e9 de moins de 6 mois au jour de la prise de licence.<\/span><\/span><\/span><\/span><\/span><\/span><\/span><p>\u00a0<\/p><\/li><li><span style=\"color: #000000;\"><span style=\"color: #000000;\"><span style=\"color: #000000;\"><span style=\"color: #000000;\"><span style=\"color: #000000;\"><span style=\"color: #000000;\"><span style=\"color: #000000;\"><strong>Renouvellement de licence apr\u00e8s une interruption de 2 saisons sportives ou plus chez Rand&#8217;oz :<br \/><\/strong> Fourniture d&#8217;un certificat m\u00e9dical d\u2019absence de contre-indication \u00e0 l\u2019activit\u00e9 sportive pratiqu\u00e9e, dat\u00e9 de moins de 6 mois au jour de la prise de licence.<\/span><\/span><\/span><\/span><\/span><\/span><\/span><p>\u00a0<\/p><\/li><li><span style=\"color: #000000;\"><span style=\"color: #000000;\"><span style=\"color: #000000;\"><strong>Renouvellement de licence sans interruption sup\u00e9rieure \u00e0 une saison sportive :<br \/><\/strong> Pour les licenci\u00e9s qui randonnent r\u00e9guli\u00e8rement avec Rand&#8217;oz, lors de chaque renouvellement de licence, le pratiquant doit r\u00e9pondre \u00e0 un <\/span><\/span><\/span><span style=\"color: #00afb5;\"><span style=\"color: #00afb5;\"><span style=\"color: #00afb5;\"><span style=\"color: #00afb5;\"><span style=\"color: #00afb5;\"><a style=\"color: #00afb5;\" title=\"\" href=\"https:\/\/www.rand-oz.fr\/wp-content\/uploads\/2025\/08\/questionnaire-sante-2025-2026.pdf\" target=\"_blank\" rel=\"noopener noreferrer\" data-original-title=\"\">questionnaire de sant\u00e9<\/a>.<\/span><\/span><\/span><\/span><\/span><p>\u00a0<\/p><p><span style=\"color: #000000;\">Pour \u00eatre dispens\u00e9 de la fourniture d&#8217;un certificat m\u00e9dical, le licenci\u00e9 doit fournir une <a href=\"https:\/\/www.rand-oz.fr\/wp-content\/uploads\/2025\/08\/attestation-majeur-2025-2026.pdf\" target=\"_blank\" rel=\"noopener\">attestation sur l&#8217;honneur<\/a> d&#8217;avoir lu et compris les conseils de sant\u00e9 et prendre, ou avoir pris les dispositions n\u00e9cessaires pour participer aux activit\u00e9s de la FFRandonn\u00e9e sans risque pour sa sant\u00e9. <\/span><\/p><p><strong><span style=\"color: #ff0000;\">ATTENTION<\/span><\/strong><span style=\"color: #000000;\"> de bien cocher les 8 cases\u00e0 gauche. Faute de quoi la licence ne pourra pas \u00eatre \u00e9tablie.<\/span><\/p><\/li><\/ul><p><span style=\"color: #000000;\"><br \/>Pour des raisons de confidentialit\u00e9 m\u00e9dicale, seule l&#8217;attestation est fournie \u00e0 Rand&#8217;oz.<\/span><\/p><p><span style=\"color: #000000;\">La non contre-indication peut \u00eatre relative, assortie de recommandations ou de limites indiqu\u00e9es par le m\u00e9decin g\u00e9n\u00e9raliste qui d\u00e9livre le certificat. Un mod\u00e8le t\u00e9l\u00e9chargeable de <span style=\"text-decoration: underline; color: #33cccc;\"><a style=\"color: #33cccc; text-decoration: underline;\" title=\"\" href=\"https:\/\/www.rand-oz.fr\/wp-content\/uploads\/2025\/08\/Modele-CACI-2025-2026.pdf\" target=\"_blank\" rel=\"noopener noreferrer\" data-original-title=\"\" data-cke-saved-href=\"https:\/\/www.ffrandonnee.fr\/data\/CMS\/files\/adhesion\/certificat-medical.pdf\">certificat m\u00e9dical<\/a><\/span> vous est propos\u00e9 par votre Commission m\u00e9dicale de la F\u00e9d\u00e9ration Fran\u00e7aise de la Randonn\u00e9e P\u00e9destre. Ce mod\u00e8le n&#8217;est en aucun cas obligatoire, le m\u00e9decin restant libre de r\u00e9diger son certificat comme il l\u2019entend.<\/span><\/p><p><span style=\"color: #000000;\">Si vous n&#8217;avez pas encore pay\u00e9 votre cotisation, vous pourrez nous envoyer votre certificat m\u00e9dical ou votre attestation en prenant votre licence.<\/span><\/p><p><span style=\"color: #000000;\">Si vous avez d\u00e9j\u00e0 pay\u00e9 votre cotisation, vous pouvez nous envoyer votre certificat m\u00e9dical ou votre attestation de pr\u00e9f\u00e9rence par mail \u00e0 <span style=\"color: #33cccc;\"><a style=\"color: #33cccc;\" href=\"mailto:cotisations@testastra.rand-oz.fr\">cotisations@rand-oz.fr<\/a><\/span> ou par la poste \u00e0 <span style=\"text-decoration: underline;\"><a style=\"color: #000000; text-decoration: underline;\" href=\"http:\/\/www.testastra.rand-oz.fr\/wp-content\/uploads\/2015\/06\/Adresse-certif.jpg\"><span style=\"color: #33cccc; text-decoration: underline;\">cette adresse<\/span><\/a><span style=\"color: #33cccc; text-decoration: underline;\">.<\/span><\/span><\/span><br \/><span style=\"color: #000000;\"><script src=\"https:\/\/www.weezevent.com\/js\/multi\/multi.js\" type=\"text\/javascript\"><\/script><\/span><\/p>\t\t\t\t\t\t\t\t<\/div>\n\t\t\t\t<\/div>\n\t\t\t\t\t<\/div>\n\t\t<\/div>\n\t\t\t\t\t<\/div>\n\t\t<\/section>\n\t\t\t\t<section class=\"elementor-section elementor-top-section elementor-element elementor-element-6c7a21f1 elementor-section-boxed elementor-section-height-default elementor-section-height-default\" data-id=\"6c7a21f1\" data-element_type=\"section\" data-e-type=\"section\">\n\t\t\t\t\t\t<div class=\"elementor-container elementor-column-gap-default\">\n\t\t\t\t\t<div class=\"elementor-column elementor-col-100 elementor-top-column elementor-element elementor-element-690a8918\" data-id=\"690a8918\" data-element_type=\"column\" data-e-type=\"column\">\n\t\t\t<div class=\"elementor-widget-wrap elementor-element-populated\">\n\t\t\t\t\t\t<div class=\"elementor-element elementor-element-594b58f9 elementor-widget elementor-widget-spacer\" data-id=\"594b58f9\" data-element_type=\"widget\" data-e-type=\"widget\" data-widget_type=\"spacer.default\">\n\t\t\t\t<div class=\"elementor-widget-container\">\n\t\t\t\t\t\t\t<div class=\"elementor-spacer\">\n\t\t\t<div class=\"elementor-spacer-inner\"><\/div>\n\t\t<\/div>\n\t\t\t\t\t\t<\/div>\n\t\t\t\t<\/div>\n\t\t\t\t\t<\/div>\n\t\t<\/div>\n\t\t\t\t\t<\/div>\n\t\t<\/section>\n\t\t\t\t<section class=\"elementor-section elementor-top-section elementor-element elementor-element-74414cb2 elementor-section-boxed elementor-section-height-default elementor-section-height-default\" data-id=\"74414cb2\" data-element_type=\"section\" data-e-type=\"section\">\n\t\t\t\t\t\t<div class=\"elementor-container elementor-column-gap-default\">\n\t\t\t\t\t<div class=\"elementor-column elementor-col-100 elementor-top-column elementor-element elementor-element-3425378d\" data-id=\"3425378d\" data-element_type=\"column\" data-e-type=\"column\">\n\t\t\t<div class=\"elementor-widget-wrap elementor-element-populated\">\n\t\t\t\t\t\t<div class=\"elementor-element elementor-element-4f2aa45e elementor-view-default elementor-widget elementor-widget-icon\" data-id=\"4f2aa45e\" data-element_type=\"widget\" data-e-type=\"widget\" data-widget_type=\"icon.default\">\n\t\t\t\t<div class=\"elementor-widget-container\">\n\t\t\t\t\t\t\t<div class=\"elementor-icon-wrapper\">\n\t\t\t<a class=\"elementor-icon\" href=\"http:\/\/rand-oz.fr\">\n\t\t\t<i aria-hidden=\"true\" class=\"fas fa-home\"><\/i>\t\t\t<\/a>\n\t\t<\/div>\n\t\t\t\t\t\t<\/div>\n\t\t\t\t<\/div>\n\t\t\t\t\t<\/div>\n\t\t<\/div>\n\t\t\t\t\t<\/div>\n\t\t<\/section>\n\t\t\t\t<\/div>\n\t\t","protected":false},"excerpt":{"rendered":"<p>Le certificat m\u00e9dical pour la pratique de la randonn\u00e9e p\u00e9destre Voici les r\u00e8gles applicables pour toute pratique en club ou individuelle dans le cadre de la FFRandonn\u00e9e depuis la saison 2023\/2024 quels que soient votre \u00e2ge et la ou les disciplines pratiqu\u00e9es : Premi\u00e8re prise de licence chez Rand&#8217;oz : Fourniture d&#8217;un certificat m\u00e9dical d\u2019absence [&hellip;]<\/p>\n","protected":false},"author":291,"featured_media":0,"parent":0,"menu_order":0,"comment_status":"open","ping_status":"closed","template":"","meta":{"site-sidebar-layout":"default","site-content-layout":"","ast-site-content-layout":"default","site-content-style":"default","site-sidebar-style":"default","ast-global-header-display":"","ast-banner-title-visibility":"","ast-main-header-display":"","ast-hfb-above-header-display":"","ast-hfb-below-header-display":"","ast-hfb-mobile-header-display":"","site-post-title":"","ast-breadcrumbs-content":"","ast-featured-img":"","footer-sml-layout":"","ast-disable-related-posts":"","theme-transparent-header-meta":"","adv-header-id-meta":"","stick-header-meta":"","header-above-stick-meta":"","header-main-stick-meta":"","header-below-stick-meta":"","astra-migrate-meta-layouts":"default","ast-page-background-enabled":"default","ast-page-background-meta":{"desktop":{"background-color":"var(--ast-global-color-4)","background-image":"","background-repeat":"repeat","background-position":"center center","background-size":"auto","background-attachment":"scroll","background-type":"","background-media":"","overlay-type":"","overlay-color":"","overlay-opacity":"","overlay-gradient":""},"tablet":{"background-color":"","background-image":"","background-repeat":"repeat","background-position":"center center","background-size":"auto","background-attachment":"scroll","background-type":"","background-media":"","overlay-type":"","overlay-color":"","overlay-opacity":"","overlay-gradient":""},"mobile":{"background-color":"","background-image":"","background-repeat":"repeat","background-position":"center center","background-size":"auto","background-attachment":"scroll","background-type":"","background-media":"","overlay-type":"","overlay-color":"","overlay-opacity":"","overlay-gradient":""}},"ast-content-background-meta":{"desktop":{"background-color":"var(--ast-global-color-5)","background-image":"","background-repeat":"repeat","background-position":"center center","background-size":"auto","background-attachment":"scroll","background-type":"","background-media":"","overlay-type":"","overlay-color":"","overlay-opacity":"","overlay-gradient":""},"tablet":{"background-color":"var(--ast-global-color-5)","background-image":"","background-repeat":"repeat","background-position":"center center","background-size":"auto","background-attachment":"scroll","background-type":"","background-media":"","overlay-type":"","overlay-color":"","overlay-opacity":"","overlay-gradient":""},"mobile":{"background-color":"var(--ast-global-color-5)","background-image":"","background-repeat":"repeat","background-position":"center center","background-size":"auto","background-attachment":"scroll","background-type":"","background-media":"","overlay-type":"","overlay-color":"","overlay-opacity":"","overlay-gradient":""}},"footnotes":""},"class_list":["post-787","page","type-page","status-publish","hentry"],"_links":{"self":[{"href":"https:\/\/www.rand-oz.fr\/index.php?rest_route=\/wp\/v2\/pages\/787","targetHints":{"allow":["GET"]}}],"collection":[{"href":"https:\/\/www.rand-oz.fr\/index.php?rest_route=\/wp\/v2\/pages"}],"about":[{"href":"https:\/\/www.rand-oz.fr\/index.php?rest_route=\/wp\/v2\/types\/page"}],"author":[{"embeddable":true,"href":"https:\/\/www.rand-oz.fr\/index.php?rest_route=\/wp\/v2\/users\/291"}],"replies":[{"embeddable":true,"href":"https:\/\/www.rand-oz.fr\/index.php?rest_route=%2Fwp%2Fv2%2Fcomments&post=787"}],"version-history":[{"count":68,"href":"https:\/\/www.rand-oz.fr\/index.php?rest_route=\/wp\/v2\/pages\/787\/revisions"}],"predecessor-version":[{"id":14081,"href":"https:\/\/www.rand-oz.fr\/index.php?rest_route=\/wp\/v2\/pages\/787\/revisions\/14081"}],"wp:attachment":[{"href":"https:\/\/www.rand-oz.fr\/index.php?rest_route=%2Fwp%2Fv2%2Fmedia&parent=787"}],"curies":[{"name":"wp","href":"https:\/\/api.w.org\/{rel}","templated":true}]}}